60 (base 13) to base 8
235734
Convert 164ac (base 14) to base 9.
84507
-260c3b (base 14) to base 16
-13f785
21011200220 (base 3) to base 8
423627
-3984a (base 12) to base 15
-185ea
Convert -254137 (base 8) to base 15.
-1b1c4
Convert 81ab3 (base 14) to base 9.
525216
What is 310426 (base 9) in base 16?
2cef8
Convert 12000231 (base 5) to base 11.
75252
What is 38cb58 (base 13) in base 16?
14ea27
5118444 (base 9) to base 10
2729011
-73226b (base 12) to base 7
-21236504
What is -1223233142 (base 5) in base 16?
-2cf3ff
What is -14c460 (base 15) in base 2?
-11110100111101100101
Convert 13743a (base 15) to base 9.
1675641
Convert -181233b (base 12) to base 8.
-23050137
Convert 12222020012 (base 3) to base 2.
11100101100100000
Convert 1506128 (base 10) to base 4.
11233231100
Convert 4367559 (base 10) to base 15.
5b4159
Convert 5a1c0 (base 16) to base 12.
159714
Convert -12012211010 (base 3) to base 7.
-605202
-201778 (base 12) to base 10
-500492
Convert 100101500 (base 7) to base 13.
1275b24
What is -110011010010011100001000 (base 2) in base 14?
-1adda40
-10141333301 (base 5) to base 6
-1012544540
Convert 1403551 (base 6) to base 4.
103030123
55b47 (base 13) to base 6
3200512
Convert 260063 (base 9) to base 14.
41597
What is -3424 (base 14) in base 4?
-2031120
Convert 50110235 (base 7) to base 6.
224400555
What is 8418d (base 15) in base 6?
12551054
1100111010100101001010 (base 2) to base 15
46d269
Convert 2044400113 (base 5) to base 3.
22002010222000
2a6218 (base 15) to base 11
1177a89
What is 7772 (base 14) in base 12?
bb74
What is 1012100000012 (base 3) in base 6?
21350222
Convert 210002022101 (base 3) to base 6.
12521231
Convert -20b7d (base 14) to base 15.
-18684
What is 3083ba (base 14) in base 7?
16623123
What is -5c450 (base 13) in base 11?
-106724
What is 37e0a7 (base 15) in base 11?
15704aa
What is 51145205 (base 7) in base 11?
2452334
8643 (base 14) to base 15
6d0c
What is 242123011 (base 5) in base 11?
701891
What is -2620034 (base 7) in base 3?
-122022201102
What is -34400025 (base 6) in base 2?
-100000010001100010001
What is -54706a (base 13) in base 5?
-1002024201
Convert -1a0ed (base 16) to base 5.
-11403413
Convert -3db33 (base 14) to base 16.
-25621
Convert 1443400403 (base 5) to base 6.
215154055
232101002 (base 4) to base 2
101110010001000010
3654680 (base 9) to base 16
1e4980
Convert 974584 (base 12) to base 4.
21020010310
13132331313 (base 4) to base 6
110014343
-31342224 (base 5) to base 12
-107891
Convert -414134211 (base 5) to base 9.
-3183774
-100000010011010001 (base 2) to base 15
-29305
40514154 (base 6) to base 10
1160854
What is 10225535 (base 9) in base 16?
4b0bff
What is -199b1a (base 12) in base 11?
-28a068
1132200331 (base 4) to base 7
3201445
What is 10132455 (base 6) in base 13?
a300a
Convert 3313444031 (base 5) to base 13.
1641464
What is -5375a (base 15) in base 12?
-10937a
4f33b (base 16) to base 8
1171473
-99164 (base 14) to base 4
-1122200210
Convert 3b233 (base 15) to base 8.
562072
31130232310 (base 4) to base 15
499921
What is -21a7a (base 12) in base 13?
-17491
-1011010110 (base 3) to base 8
-54244
What is -35a5b (base 15) in base 13?
-5cb46
Convert -362c63 (base 14) to base 12.
-753847
What is -1020103221 (base 4) in base 2?
-1001000010011101001
-2102756 (base 8) to base 13
-167323
Convert -16303201 (base 7) to base 3.
-2222022201001
What is 12113210311 (base 4) in base 15?
22e9a4
What is 2231820 (base 11) in base 10?
3911468
What is 61632613 (base 7) in base 2?
10011101101101101000110
-234065 (base 9) to base 14
-39420
55104414 (base 6) to base 13
45636a
Convert 311443 (base 7) to base 9.
81214
10120212120021 (base 3) to base 7
22131013
What is 595b2 (base 14) in base 16?
35338
-71530 (base 10) to base 3
-10122010021
What is 1022769 (base 13) in base 3?
100012102021010
Convert -1327421 (base 8) to base 11.
-234954
What is 6ddd80 (base 14) in base 9?
7067152
44143213 (base 6) to base 5
314220212
What is -1ec58 (base 16) in base 3?
-20101220011
5454273 (base 11) to base 2
100100100011000100111100
-22606653 (base 8) to base 11
-285a545
-4222424201 (base 5) to base 16
-86359f
Convert 12312010213 (base 4) to base 3.
10101011101011
Convert -1364c (base 16) to base 2.
-10011011001001100
-7cb2e (base 15) to base 9
-665108
What is -1010333231 (base 4) in base 16?
-44fed
22a12 (base 15) to base 5
12012032
Convert 2944c3 (base 16) to base 8.
12242303
Convert b02246 (base 14) to base 2.
10110100101110011010110
-2612288 (base 9) to base 7
-15054536
-333433332 (base 5) to base 13
-3c5227
What is -8b721 (base 12) in base 6?
-3552441
Convert -1797055 (base 11) to base 7.
-34561106
Convert 113453545 (base 6) to base 16.
209f69
What is -18271 (base 9) in base 14?
-4855
112200021222 (base 3) to base 6
10105255
Convert 421351 (base 6) to base 13.
12664
What is 10873006 (base 10) in base 9?
22411857
Convert 407466 (base 8) to base 16.
20f36
Convert -12012112210000 (base 3) to base 7.
-32341200
15155110 (base 6) to base 11
331160
Convert -5366202 (base 8) to base 16.
-15ec82
What is -2134051 (base 6) in base 9?
-171204
What is -4755473 (base 9) in base 16?
-274e4b
22787 (base 11) to base 10
32886
Convert -152514 (base 9) to base 2.
-10110111000100010
2121333322 (base 5) to base 4
101011313032
Convert 100459b (base 12) to base 11.
1765268
1310111113 (base 4) to base 7
4023136
What is -112013316 (base 7) in base 9?
-13755173
What is -54276d (base 14) in base 6?
-141025125
Convert 1302241 (base 5) to base 13.
b6aa
Convert -101122330 (base 4) to base 11.
-4967a
ab56e (base 15) to base 14
102684
-312011223 (base 4) to base 2
-110110000101101011
-453432 (base 6) to base 16
-95fc
What is -39e97 (base 15) in base 7?
-1401640
What is -212131303200 (base 4) in base 9?
-20868026
What is -121103320203 (base 4) in base 14?
-c4a039
12211210110001 (base 3) to base 5
1243341430
-1381910 (base 10) to base 7
-14513615
Convert -99332 (base 13) to base 9.
-462428
What is 2313101 (base 7) in base 9?
480632
Convert -13164444 (base 7) to base 9.
-2242760
Convert 6415a (base 11) to base 16.
16cac
What is 3307562 (base 8) in base 10?
888690
What is 2221858 (base 9) in base 2?
100100011111000001100
53451202 (base 6) to base 13
43305b
-33015512 (base 6) to base 13
-285188
Convert -2032033203 (base 4) to base 13.
-175266
Convert 7902468 (base 10) to base 2.
11110001001010100000100
1110101000111110 (base 2) to base 5
3404331
Convert -312001030 (base 4) to base 9.
-366454
-2a9588 (base 11) to base 2
-1110101011110101000
-532613 (base 9) to base 7
-2456601
-134121005 (base 6) to base 12
-ab0165
-85383 (base 14) to base 4
-1032203113
-b082a (base 15) to base 8
-2103173
1149660 (base 11) to base 4
13221033223
22020333222 (base 4) to base 7
31411044
1486507 (base 11) to base 14
4a22b1
What is -124012131 (base 5) in base 8?
-2247763
Convert -163223 (base 9) to base 14.
-28a2d
Convert -231414 (base 9) to base 5.
-13420342
Convert -77b001 (base 13) to base 16.
-2b13ea
-3658769 (base 11) to base 4
-120102021010
What is 3275562 (base 10) in base 14?
613a0a
Convert 1436338 (base 13) to base 5.
3120131100
-11333022321 (base 4) to base 11
-982187
What is 318003 (base 9) in base 6?
4021303
3afd66 (base 16) to base 5
1442202313
What is -31024301 (base 6) in base 16?
-d94ad
-5a4737 (base 11) to base 12
-3a23b0
Convert -259024 (base 11) to base 3.
-202200201122
36310 (base 14) to base 10
132314
What is -33002330 (base 5) in base 13?
-9b22a
What is -535bb (base 16) in base 12?
-14570b
15ccc8 (base 15) to base 9
1878358
Convert -3b439a (base 12) to base 10.
-982054
Convert -770534 (base 8) to base 11.
-167156
What is -14243410 (base 6) in base 11?
-303792
Convert -21322003100 (base 4) to base 7.
-31034432
What is -51130 (base 13) in base 12?
-7004a
What is 6a832 (base 11) in base 7?
603561
624495 (base 10) to base 4
2120131233
137254 (base 8) to base 3
2110221212
-830a6 (base 13) to base 2
-111001011011001111
-32314024 (base 5) to base 8
-1033253
Convert 210121121 (base 3) to base 8.
36615
What is 2492b3 (base 14) in base 9?
2321832
10223113331 (base 4) to base 9
2268065
-164d17b (base 14) to base 2
-101001110000011001001001
What is 3205e (base 15) in base 4?
212233322
What is -34044 (base 9) in base 10?
-22639
What is -36f570 (base 16) in base 9?
-6688633
-695b53 (bas